[INFO] cloning repository https://github.com/Shtkddud123/RUST_MD
[INFO] running `Command { std: "git" "-c" "credential.helper=" "-c" "credential.helper=/workspace/cargo-home/bin/git-credential-null" "clone" "--bare" "https://github.com/Shtkddud123/RUST_MD" "/workspace/cache/git-repos/https%3A%2F%2Fgithub.com%2FShtkddud123%2FRUST_MD", kill_on_drop: false }`
[INFO] [stderr] Cloning into bare repository '/workspace/cache/git-repos/https%3A%2F%2Fgithub.com%2FShtkddud123%2FRUST_MD'...
[INFO] running `Command { std: "git" "rev-parse" "HEAD", kill_on_drop: false }`
[INFO] [stdout] d98e9fe12a72ec769612a4d5ea2e9bdc01a5a66d
[INFO] checking Shtkddud123/RUST_MD against try#72f88fc4e9458f89516a0b8b0868f3718aec5b47 for pr-74989
[INFO] running `Command { std: "git" "clone" "/workspace/cache/git-repos/https%3A%2F%2Fgithub.com%2FShtkddud123%2FRUST_MD" "/workspace/builds/worker-13/source", kill_on_drop: false }`
[INFO] [stderr] Cloning into '/workspace/builds/worker-13/source'...
[INFO] [stderr] done.
[INFO] validating manifest of git repo https://github.com/Shtkddud123/RUST_MD on toolchain 72f88fc4e9458f89516a0b8b0868f3718aec5b47
[INFO] running `Command { std: "/workspace/cargo-home/bin/cargo" "+72f88fc4e9458f89516a0b8b0868f3718aec5b47" "read-manifest" "--manifest-path" "Cargo.toml", kill_on_drop: false }`
[INFO] started tweaking git repo https://github.com/Shtkddud123/RUST_MD
[INFO] finished tweaking git repo https://github.com/Shtkddud123/RUST_MD
[INFO] tweaked toml for git repo https://github.com/Shtkddud123/RUST_MD written to /workspace/builds/worker-13/source/Cargo.toml
[INFO] crate git repo https://github.com/Shtkddud123/RUST_MD already has a lockfile, it will not be regenerated
[INFO] running `Command { std: "/workspace/cargo-home/bin/cargo" "+72f88fc4e9458f89516a0b8b0868f3718aec5b47" "fetch" "--locked" "--manifest-path" "Cargo.toml", kill_on_drop: false }`
[INFO] [stderr] warning: unused manifest key: package.licence
[INFO] [stderr] error: the lock file /workspace/builds/worker-13/source/Cargo.lock needs to be updated but --locked was passed to prevent this
[INFO] [stderr] If you want to try to generate the lock file without accessing the network, use the --offline flag.
[INFO] the lockfile is outdated, regenerating it
[INFO] running `Command { std: "/workspace/cargo-home/bin/cargo" "+72f88fc4e9458f89516a0b8b0868f3718aec5b47" "generate-lockfile" "--manifest-path" "Cargo.toml" "-Zno-index-update", kill_on_drop: false }`
[INFO] running `Command { std: "/workspace/cargo-home/bin/cargo" "+72f88fc4e9458f89516a0b8b0868f3718aec5b47" "fetch" "--locked" "--manifest-path" "Cargo.toml", kill_on_drop: false }`
[INFO] [stderr] warning: unused manifest key: package.licence
[INFO] [stderr]  Downloading crates ...
[INFO] [stderr]   Downloaded rulinalg v0.3.7
[INFO] [stderr]   Downloaded rusty-machine v0.4.4
[INFO] [stderr]   Downloaded rulinalg v0.2.2
[INFO] [stderr]   Downloaded nalgebra v0.10.1
[INFO] [stderr]   Downloaded ndarray v0.6.10
[INFO] running `Command { std: "docker" "create" "-v" "/var/lib/crater-agent-workspace/builds/worker-13/target:/opt/rustwide/target:rw,Z" "-v" "/var/lib/crater-agent-workspace/builds/worker-13/source:/opt/rustwide/workdir:ro,Z" "-v" "/var/lib/crater-agent-workspace/cargo-home:/opt/rustwide/cargo-home:ro,Z" "-v" "/var/lib/crater-agent-workspace/rustup-home:/opt/rustwide/rustup-home:ro,Z" "-e" "SOURCE_DIR=/opt/rustwide/workdir" "-e" "CARGO_TARGET_DIR=/opt/rustwide/target" "-e" "CARGO_HOME=/opt/rustwide/cargo-home" "-e" "RUSTUP_HOME=/opt/rustwide/rustup-home" "-w" "/opt/rustwide/workdir" "-m" "1610612736" "--user" "0:0" "--network" "none" "rustops/crates-build-env@sha256:d92eaeed33fa75130ca1ee6c8a01d1ffb62bac859dfdfb3450e3e5d1c0146529" "/opt/rustwide/cargo-home/bin/cargo" "+72f88fc4e9458f89516a0b8b0868f3718aec5b47" "metadata" "--no-deps" "--format-version=1", kill_on_drop: false }`
[INFO] [stdout] 806626ec0c857b3672ae6a163ccad4ce3c6374cce5fb57d77811e380e815de1d
[INFO] [stderr] WARNING: Your kernel does not support swap limit capabilities or the cgroup is not mounted. Memory limited without swap.
[INFO] running `Command { std: "docker" "start" "-a" "806626ec0c857b3672ae6a163ccad4ce3c6374cce5fb57d77811e380e815de1d", kill_on_drop: false }`
[INFO] running `Command { std: "docker" "inspect" "806626ec0c857b3672ae6a163ccad4ce3c6374cce5fb57d77811e380e815de1d", kill_on_drop: false }`
[INFO] running `Command { std: "docker" "rm" "-f" "806626ec0c857b3672ae6a163ccad4ce3c6374cce5fb57d77811e380e815de1d", kill_on_drop: false }`
[INFO] [stdout] 806626ec0c857b3672ae6a163ccad4ce3c6374cce5fb57d77811e380e815de1d
[INFO] running `Command { std: "docker" "create" "-v" "/var/lib/crater-agent-workspace/builds/worker-13/target:/opt/rustwide/target:rw,Z" "-v" "/var/lib/crater-agent-workspace/builds/worker-13/source:/opt/rustwide/workdir:ro,Z" "-v" "/var/lib/crater-agent-workspace/cargo-home:/opt/rustwide/cargo-home:ro,Z" "-v" "/var/lib/crater-agent-workspace/rustup-home:/opt/rustwide/rustup-home:ro,Z" "-e" "SOURCE_DIR=/opt/rustwide/workdir" "-e" "CARGO_TARGET_DIR=/opt/rustwide/target" "-e" "CARGO_INCREMENTAL=0" "-e" "RUST_BACKTRACE=full" "-e" "RUSTFLAGS=--cap-lints=forbid" "-e" "CARGO_HOME=/opt/rustwide/cargo-home" "-e" "RUSTUP_HOME=/opt/rustwide/rustup-home" "-w" "/opt/rustwide/workdir" "-m" "1610612736" "--user" "0:0" "--network" "none" "rustops/crates-build-env@sha256:d92eaeed33fa75130ca1ee6c8a01d1ffb62bac859dfdfb3450e3e5d1c0146529" "/opt/rustwide/cargo-home/bin/cargo" "+72f88fc4e9458f89516a0b8b0868f3718aec5b47" "check" "--frozen" "--all" "--all-targets" "--message-format=json", kill_on_drop: false }`
[INFO] [stdout] ba8c29bdf69326c40ac055f067d972ce4c6cdf7b310398ed0bca96b9597c06f6
[INFO] [stderr] WARNING: Your kernel does not support swap limit capabilities or the cgroup is not mounted. Memory limited without swap.
[INFO] running `Command { std: "docker" "start" "-a" "ba8c29bdf69326c40ac055f067d972ce4c6cdf7b310398ed0bca96b9597c06f6", kill_on_drop: false }`
[INFO] [stderr] warning: unused manifest key: package.licence
[INFO] [stderr]    Compiling autocfg v1.0.1
[INFO] [stderr]    Compiling libc v0.2.77
[INFO] [stderr]     Checking rawpointer v0.1.0
[INFO] [stderr]     Checking either v1.6.0
[INFO] [stderr]    Compiling ndarray v0.6.10
[INFO] [stderr]     Checking matrixmultiply v0.1.15
[INFO] [stderr]     Checking itertools v0.5.10
[INFO] [stderr]    Compiling num-traits v0.2.12
[INFO] [stderr]    Compiling num-integer v0.1.43
[INFO] [stderr]    Compiling num-iter v0.1.41
[INFO] [stderr]     Checking rand v0.4.6
[INFO] [stderr]     Checking rand v0.3.23
[INFO] [stderr]     Checking num-complex v0.1.43
[INFO] [stderr]     Checking num-traits v0.1.43
[INFO] [stderr]     Checking num-bigint v0.1.44
[INFO] [stderr]     Checking num-rational v0.1.42
[INFO] [stderr]     Checking num v0.1.42
[INFO] [stderr]     Checking rulinalg v0.2.2
[INFO] [stderr]     Checking rulinalg v0.3.7
[INFO] [stderr]     Checking nalgebra v0.10.1
[INFO] [stderr]     Checking rusty-machine v0.4.4
[INFO] [stderr]     Checking MD v0.1.0 (/opt/rustwide/workdir)
[INFO] [stdout] error[E0425]: cannot find value `b` in this scope
[INFO] [stdout]   --> src/main.rs:33:9
[INFO] [stdout]    |
[INFO] [stdout] 33 |         b.x = self.x - a.x;
[INFO] [stdout]    |         ^ help: a local variable with a similar name exists: `a`
[INFO] [stdout] 
[INFO] [stdout] 
[INFO] [stdout] error[E0425]: cannot find value `b` in this scope
[INFO] [stdout]   --> src/main.rs:34:9
[INFO] [stdout]    |
[INFO] [stdout] 34 |         b.y = self.y - a.y;
[INFO] [stdout]    |         ^ help: a local variable with a similar name exists: `a`
[INFO] [stdout] 
[INFO] [stdout] 
[INFO] [stdout] error[E0425]: cannot find value `b` in this scope
[INFO] [stdout]   --> src/main.rs:35:9
[INFO] [stdout]    |
[INFO] [stdout] 35 |         b
[INFO] [stdout]    |         ^ help: a local variable with a similar name exists: `a`
[INFO] [stdout] 
[INFO] [stdout] 
[INFO] [stdout] error[E0425]: cannot find value `b` in this scope
[INFO] [stdout]   --> src/main.rs:39:19
[INFO] [stdout]    |
[INFO] [stdout] 39 |         (self.x * b.x) + (self.y * b.y); 
[INFO] [stdout]    |                   ^ help: a local variable with a similar name exists: `a`
[INFO] [stdout] 
[INFO] [stdout] 
[INFO] [stdout] error[E0425]: cannot find value `b` in this scope
[INFO] [stdout]   --> src/main.rs:39:36
[INFO] [stdout]    |
[INFO] [stdout] 39 |         (self.x * b.x) + (self.y * b.y); 
[INFO] [stdout]    |                                    ^ help: a local variable with a similar name exists: `a`
[INFO] [stdout] 
[INFO] [stdout] 
[INFO] [stdout] warning: type `real` should have an upper camel case name
[INFO] [stdout]   --> src/main.rs:18:6
[INFO] [stdout]    |
[INFO] [stdout] 18 | type real = f64;
[INFO] [stdout]    |      ^^^^ help: convert the identifier to upper camel case: `Real`
[INFO] [stdout]    |
[INFO] [stdout]    = note: `#[warn(non_camel_case_types)]` on by default
[INFO] [stdout] 
[INFO] [stdout] 
[INFO] [stdout] warning: type `xy` should have an upper camel case name
[INFO] [stdout]   --> src/main.rs:19:8
[INFO] [stdout]    |
[INFO] [stdout] 19 | struct xy {
[INFO] [stdout]    |        ^^ help: convert the identifier to upper camel case (notice the capitalization): `Xy`
[INFO] [stdout] 
[INFO] [stdout] 
[INFO] [stdout] warning: type `newMol` should have an upper camel case name
[INFO] [stdout]   --> src/main.rs:61:6
[INFO] [stdout]    |
[INFO] [stdout] 61 | type newMol = Mol;
[INFO] [stdout]    |      ^^^^^^ help: convert the identifier to upper camel case: `NewMol`
[INFO] [stdout] 
[INFO] [stdout] 
[INFO] [stdout] error: aborting due to 5 previous errors; 3 warnings emitted
[INFO] [stdout] 
[INFO] [stdout] 
[INFO] [stdout] For more information about this error, try `rustc --explain E0425`.
[INFO] [stdout] 
[INFO] [stderr] error: could not compile `MD`.
[INFO] [stderr] 
[INFO] [stderr] To learn more, run the command again with --verbose.
[INFO] [stderr] warning: build failed, waiting for other jobs to finish...
[INFO] [stdout] error[E0425]: cannot find value `b` in this scope
[INFO] [stdout]   --> src/main.rs:33:9
[INFO] [stdout]    |
[INFO] [stdout] 33 |         b.x = self.x - a.x;
[INFO] [stdout]    |         ^ help: a local variable with a similar name exists: `a`
[INFO] [stdout] 
[INFO] [stdout] 
[INFO] [stdout] error[E0425]: cannot find value `b` in this scope
[INFO] [stdout]   --> src/main.rs:34:9
[INFO] [stdout]    |
[INFO] [stdout] 34 |         b.y = self.y - a.y;
[INFO] [stdout]    |         ^ help: a local variable with a similar name exists: `a`
[INFO] [stdout] 
[INFO] [stdout] 
[INFO] [stdout] error[E0425]: cannot find value `b` in this scope
[INFO] [stdout]   --> src/main.rs:35:9
[INFO] [stdout]    |
[INFO] [stdout] 35 |         b
[INFO] [stdout]    |         ^ help: a local variable with a similar name exists: `a`
[INFO] [stdout] 
[INFO] [stdout] 
[INFO] [stdout] error[E0425]: cannot find value `b` in this scope
[INFO] [stdout]   --> src/main.rs:39:19
[INFO] [stdout]    |
[INFO] [stdout] 39 |         (self.x * b.x) + (self.y * b.y); 
[INFO] [stdout]    |                   ^ help: a local variable with a similar name exists: `a`
[INFO] [stdout] 
[INFO] [stdout] 
[INFO] [stdout] error[E0425]: cannot find value `b` in this scope
[INFO] [stdout]   --> src/main.rs:39:36
[INFO] [stdout]    |
[INFO] [stdout] 39 |         (self.x * b.x) + (self.y * b.y); 
[INFO] [stdout]    |                                    ^ help: a local variable with a similar name exists: `a`
[INFO] [stdout] 
[INFO] [stdout] 
[INFO] [stdout] warning: type `real` should have an upper camel case name
[INFO] [stdout]   --> src/main.rs:18:6
[INFO] [stdout]    |
[INFO] [stdout] 18 | type real = f64;
[INFO] [stdout]    |      ^^^^ help: convert the identifier to upper camel case: `Real`
[INFO] [stdout]    |
[INFO] [stdout]    = note: `#[warn(non_camel_case_types)]` on by default
[INFO] [stdout] 
[INFO] [stdout] 
[INFO] [stdout] warning: type `xy` should have an upper camel case name
[INFO] [stdout]   --> src/main.rs:19:8
[INFO] [stdout]    |
[INFO] [stdout] 19 | struct xy {
[INFO] [stdout]    |        ^^ help: convert the identifier to upper camel case (notice the capitalization): `Xy`
[INFO] [stdout] 
[INFO] [stdout] 
[INFO] [stdout] warning: type `newMol` should have an upper camel case name
[INFO] [stdout]   --> src/main.rs:61:6
[INFO] [stdout]    |
[INFO] [stdout] 61 | type newMol = Mol;
[INFO] [stdout]    |      ^^^^^^ help: convert the identifier to upper camel case: `NewMol`
[INFO] [stdout] 
[INFO] [stdout] 
[INFO] [stdout] error: aborting due to 5 previous errors; 3 warnings emitted
[INFO] [stdout] 
[INFO] [stdout] 
[INFO] [stdout] For more information about this error, try `rustc --explain E0425`.
[INFO] [stdout] 
[INFO] [stderr] error: build failed
[INFO] running `Command { std: "docker" "inspect" "ba8c29bdf69326c40ac055f067d972ce4c6cdf7b310398ed0bca96b9597c06f6", kill_on_drop: false }`
[INFO] running `Command { std: "docker" "rm" "-f" "ba8c29bdf69326c40ac055f067d972ce4c6cdf7b310398ed0bca96b9597c06f6", kill_on_drop: false }`
[INFO] [stdout] ba8c29bdf69326c40ac055f067d972ce4c6cdf7b310398ed0bca96b9597c06f6
